59 = 0. Calculate the highest common factor of n and y.
12
Suppose 3 = 3*l - 3. Suppose k + 7 = 3*u - 7, 0 = l*k - 8. What is the highest common factor of u and 12?
6
Suppose 4*w = -w - 5. Let r be 4 + -2 - 17/w. What is the greatest common factor of r and 57?
19
Let u be -1 + 10 + (-18)/(-6). Calculate the highest common divisor of 6 and u.
6
Let l = -33 - -46. Let b = -2 + l. Calculate the greatest common factor of 77 and b.
11
Suppose -49*s + 48*s + 69 = 0. What is the greatest common factor of 46 and s?
23
Let v = -16 - -22. Let n be (-1)/(-2) + (-9)/(-6). What is the greatest common factor of n and v?
2
Let y = 252 + -148. Let r(n) = -n**2 - 7*n - 6. Let g be r(-5). Let p be (-26)/3*(-6)/g. Calculate the highest common factor of y and p.
13
Let z(u) = 19*u**2 + u. Let i be z(1). Let p be ((-114)/5)/((-3)/i). Calculate the greatest common factor of p and 19.
19
Suppose 0 + 4 = 4*w. Let v = w + 6. Calculate the greatest common factor of v and 7.
7
Suppose -1 = 2*p - 3. Let m = -56 + 61. What is the greatest common divisor of p and m?
1
Suppose 0 = -3*g - z + 11, -2*g + 4 - 5 = -z. Let c be (190/15 - 2/(-6)) + -3. Calculate the greatest common factor of c and g.
2
Let b = 4 - 6. Let c = 26 + b. Suppose 3*q - c = -0*q. What is the greatest common divisor of 20 and q?
4
Let g be (0 - -5)/(4/252). Suppose -3*m + g = -8*m. Let c = -7 - m. What is the greatest common factor of c and 14?
14
Let n be 10*(4 + 44/(-10)) - -16. What is the highest common factor of 96 and n?
12
Suppose 3*d - 108 = -n, 5*n + 2*d + d - 576 = 0. Calculate the greatest common factor of n and 13.
13
Let p be ((-33)/(-2))/(9/84). What is the greatest common factor of p and 22?
22
Let c = 14 + 6. Let f = c - -5. Suppose b + 5*u = -0*b - 21, 5*b - u = f. Calculate the highest common factor of 44 and b.
4
Suppose 766 = -4*z + 3*q, -3*q + 952 = -5*z - 2*q. Let i = z + 310. Calculate the greatest common divisor of i and 12.
12
Let u be (6/4)/((-6)/(-56)). Suppose -5*f + 2*f - 9 = 0. Let t be (-8)/f*(-21)/(-4). What is the highest common divisor of t and u?
14
Let a = 64 - 20. What is the greatest common divisor of a and 176?
44
Suppose 4*k + 4*g + 9 = 7*g, -3*k - 10 = g. Let f = 1 - k. Suppose p = -3*p + f. Calculate the highest common factor of p and 1.
1
Suppose 3*p - 4*p = 0. Suppose 2*r - 5 - 7 = p. What is the greatest common divisor of r and 6?
6
Suppose d + 0 - 4 = 0. Suppose -5*k - 25 = 0, d*k + 65 = y + 2*y. Let b be 2 + 5/(y/138). Calculate the highest common factor of b and 12.
12
Let t(v) = -v**3 + 8*v**2 + v - 3. Let a = 15 + -10. Let m be t(a). What is the highest common divisor of m and 11?
11
Let y(z) = z**3 - 4*z**2 - 2*z - 3. Let c be y(5). Let s(d) = 4*d**2 - 3*d**2 + 2*d**2. Let t be s(6). Calculate the highest common factor of t and c.
12
Let a = -32 + 51. Calculate the highest common divisor of 209 and a.
19
Let a(i) = i**2 - 8*i + 7. Let u be a(7). Suppose -3*r = -5*y - u*r - 20, -4*r = -20. Let k = 6 + y. Calculate the highest common divisor of k and 35.
5
Let j(w) = 3*w + 38*w - 8*w. Let t be j(1). Calculate the highest common factor of t and 3.
3
Let r be ((-32)/(-20))/(1/5). What is the greatest common divisor of r and 88?
8
Suppose -33 = -4*g + 39. Calculate the highest common divisor of 180 and g.
18
Suppose -v - v + 168 = 0. Calculate the highest common factor of 12 and v.
12
Let m = 56 - 32. Let d(r) = 2*r**3 - 3*r**3 + 3*r**3 - 3*r**2 + 2*r. Let x be d(2). What is the greatest common divisor of x and m?
8
Let b(u) = -u**2 - 15*u - 11. Let c be b(-14). What is the highest common factor of 33 and c?
3
Suppose 3*o = -0 + 27. Calculate the highest common divisor of 36 and o.
9
Suppose -4*f + 4 + 28 = 0. Let n = f - -7. What is the greatest common divisor of n and 135?
15
Let u = -179 + 284. Let y(f) = f**2 + 2*f. Let b be y(-5). What is the greatest common divisor of u and b?
15
Let s be -3*2*(-3)/6. Suppose s = -d + 8. Suppose 2*u - w = 4*w + 151, -d = -w. Calculate the highest common divisor of 8 and u.
8
Suppose 2*t - t = 5. Suppose y + 2*b - 2 = 2*y, -4*y + 7 = -t*b. What is the greatest common divisor of 32 and y?
8
Let g(y) = -y**3 + 19*y**2 - 10*y + 24. Let f be g(18). What is the greatest common factor of 21 and f?
21
Let g be (2 + 2)*14/8. Let f(x) = 76*x**3 + x**2 - x + 1. Let b be f(1). Calculate the greatest common factor of g and b.
7
Let z be 4/14 + (-36)/(-21). Let d(p) = 3*p - 6. Let v be d(8). What is the greatest common divisor of z and v?
2
Suppose 0 = 7*v - 0*v - 490. Calculate the highest common factor of v and 10.
10
Suppose n = -3*n + 4. Let q = n + 21. What is the highest common factor of q and 11?
11
Let d(y) = -5*y - 2*y**2 - 6*y**2 - y**3 + 0*y - 17 + y**2. Let c be d(-7). Calculate the greatest common divisor of 162 and c.
18
Let i(z) = -z**2 - z + 45. Let x be i(0). Let h be (-6)/(-9)*x/6. Calculate the greatest common factor of 20 and h.
5
Let r(j) = 8*j + 3. Let o be r(9). What is the greatest common divisor of 15 and o?
15
Let z(g) = -g**3 + 18*g**2 + 23*g - 34. Let m be z(19). What is the highest common factor of 14 and m?
14
Let s(x) = -36*x**3 + 2*x + 1. Let u be s(-1). Let j = -28 + 69. Suppose 0 = -w - z + 15, -4*w + j = -w - z. Calculate the highest common factor of u and w.
7
Let v(u) = u**3 + 3*u**2 - 3*u + 4. Let n be v(-4). Suppose n = -c - 4 + 39. What is the greatest common divisor of 5 and c?
5
Suppose 0 = 5*x - 40 - 20. What is the highest common divisor of 132 and x?
12
Let l = 11 - -7. Let k = 23 + -18. Let p = l - k. What is the highest common factor of 104 and p?
13
Suppose -32 + 36 = u. Calculate the highest common divisor of u and 32.
4
Let f be (-12)/(-3 - (-55)/19). Suppose -f = -5*a + 1011. Calculate the greatest common factor of 25 and a.
25
Let y be (4 + 28/(-8))*20. Calculate the greatest common factor of 110 and y.
10
Suppose -3*t = 3*d - 0*d - 27, -4*t = -5*d + 81. What is the highest common divisor of d and 52?
13
Let f be 213 + (0 + -1 - (5 - 9)). What is the highest common factor of 24 and f?
24
Let n be -3*(0 - 30/9). Suppose p - 3*h - 7 = 0, -34 = -2*p - p - 4*h. What is the highest common divisor of n and p?
10
Let u = 27 + -22. Calculate the highest common factor of 25 and u.
5
Let d = 13 + -8. Suppose -d*u + 316 = -34. Let x(z) = -3*z + 4. Let l be x(-8). Calculate the highest common factor of u and l.
14
Let x(f) = -f**3 - 8*f**2. Let z = -6 + -3. Let v be x(z). What is the highest common factor of 9 and v?
9
Let l(j) = 6*j**3 + j**2 - j. Let g be l(1). Suppose -3*r - 2*n = -g*r + 131, 0 = -3*r - 2*n + 139. Calculate the highest common factor of 9 and r.
9
Suppose -2*t + 58 + 6 = 3*r, -16 = -r - 2*t. Calculate the greatest common factor of 36 and r.
12
Let a = 11 - -106. What is the highest common factor of 13 and a?
13
Suppose x + 65 = 3*n + 3*x, 5*n = 5*x + 150. Suppose -3*m + 5*o = 40, -2*m + 60 = -7*m + 5*o. Let t = n + m. Calculate the highest common divisor of 10 and t.
5
Let q be (4/(-6))/(6/(-45)). Let t be q*(0 + 18/15). Calculate the highest common divisor of 66 and t.
6
Let o = -176 + 216. What is the greatest common factor of o and 400?
40
Let x(u) = -u**3 + 7*u**2 + 4*u. Let d be x(7). Calculate the greatest common divisor of 196 and d.
28
Let r = -4 + 9. Let s(t) = -t**2 + 14*t - 4. Let i be s(7). What is the greatest common divisor of r and i?
5
Let d(h) = h. Let a be d(-1). Let s be a/(1/(-7)) - -1. Suppose -3*l - 2 = -s. What is the highest common divisor of l and 1?
1
Suppose -5*l + 48 = -57. Let n be 1/1 + (-91)/(-7). What is the greatest common factor of n and l?
7
Let l(j) = 0*j - 2*j**2 + 3*j**2 - 2*j. Let h be l(2). Suppose 0*o - o + 33 = h. What is the greatest common factor of o and 22?
11
Let u = 123 + -83. What is the greatest common divisor of 5 and u?
5
Suppose 5*b - 508 = 3*u, 4*u = -3*b + 2*b - 685. Let r = 19 - u. What is the greatest common divisor of 38 and r?
38
Suppose 170 = 12*j - 1342. Suppose 0 = -3*r + r + 36. Calculate the greatest common factor of j and r.
18
Let h = 4 + 1. Calculate the highest common divisor of h and 35.
5
Let j be 6/(-9) + (-22)/(-6). Let g be 1 - 2 - j*-6. Calculate the highest common divisor of g and 153.
17
Let w(f) = f**3 + 13*f**2 + 12*f + 9. Let o be w(-12). What is the greatest common factor of o and 9?
9
Let w(